-29807. What are the prime factors of z?
5, 7, 313
Let s(c) be the third derivative of c**5/3 + c**4/2 + 2*c**3 + c**2. Let x be ((-250)/30 - -9)*-6. What are the prime factors of s(x)?
2, 71
Suppose 0 = b - s - 38709, -b = 4*s - 37317 - 1382. What are the prime factors of b?
38707
Suppose 3*x - 62 = -14. Let c(w) = -10*w + 17*w - 8 - x*w. List the prime factors of c(-10).
2, 41
Let q = -398 - -398. Suppose -4*s = 4*d - 33 - 203, q = -2*s + 2. List the prime factors of d.
2, 29
Suppose -3*t + 21 = 3*n, -5*n + 0*t + 5*t + 85 = 0. Let d(z) = -n*z + 12*z + 4*z + 23. List the prime factors of d(10).
3, 7
Suppose -108 = 5*k - 6*k. Suppose -15 = 3*p, -5*t - 4*p + 1682 = -k. What are the prime factors of t?
2, 181
Let z = 770 + -610. Let j = 724 + -430. Let v = j - z. What are the prime factors of v?
2, 67
Suppose -2*l + 16 = -4*f, 0*f - 4*f = -5*l + 22. List the prime factors of l/(-5) + (420/50 - 4).
2
Suppose -2*q + 4*s = -5*q + 66, -5*q + 121 = 3*s. Suppose 7*b + 2*l = 3*b - 22, 4*b + q = 2*l. What are the prime factors of (b/4)/(30/(-3320))?
2, 83
Let n(y) = 24*y**2 - 61*y - 129. List the prime factors of n(-15).
2, 3, 1031
Let x = 30 + -9. Suppose -20*o = -x*o + 350. Let a = o + -204. What are the prime factors of a?
2, 73
Let d(t) = 296*t**2 + 8*t + 6*t + 3 + 1 - 11*t. List the prime factors of d(-1).
3, 11
Let a = 434 - 564. Let t = 391 - a. List the prime factors of t.
521
Let a = 3741 + -3366. List the prime factors of a.
3, 5
Suppose -82 = -4*r - r - 3*s, -4*r + 5*s + 36 = 0. Let h = 430 - r. List the prime factors of h.
2, 13
Let j = -5557 + 9143. What are the prime factors of j?
2, 11, 163
Suppose 4*w = -5*a - 19, -2*w - 4*a - 17 = 3*w. Let i be 15/3 - (-3)/w. What are the prime factors of (-9)/(-2) - i/4?
2
Let a = -28595 + 40662. What are the prime factors of a?
11, 1097
Suppose 5*n + 2*j - 47 = 0, 0*j + 4*j - 49 = -5*n. List the prime factors of (n*63)/((-27)/(-18)).
2, 3, 7
Suppose 3*a + 2*t = 14194, -14953 - 3995 = -4*a + 3*t. List the prime factors of a.
2, 3, 263
Suppose 19*y - 17*y - 62686 = -2*s, -94011 = -3*y + 3*s. What are the prime factors of y?
2, 5, 1567
Let k(v) = 8226*v**3 + 9*v**2 - 7*v - 3. List the prime factors of k(1).
5, 7, 47
Let v be (-5)/(51/(-18) - -3). Let u = v + 38. Suppose 0 = 5*a + 3*x - 74, -5*x = a - x - u. List the prime factors of a.
2
Let u(g) = -9*g + 102. Let l be u(-14). Suppose -1042 = -11*k - l. What are the prime factors of k?
2, 37
Let t(p) be the second derivative of -p**5/20 + p**4 + 13*p**3/6 + 15*p**2/2 - 2*p - 36. List the prime factors of t(10).
3, 5, 23
Suppose 0 = -1989*j + 1946*j + 3230375. What are the prime factors of j?
5, 601
What are the prime factors of 4/(-3)*(-127509)/38?
2, 2237
Let k = -2678 + 9420. What are the prime factors of k?
2, 3371
Let i(q) = -32 + 16 - 6 + 46*q + 35 + 32. List the prime factors of i(14).
13, 53
Suppose -545593 = -26*o + 24*o - 105*o. List the prime factors of o.
5099
Suppose 17*n = 125919 + 9928. What are the prime factors of n?
61, 131
Suppose 383 = 320*r + 4223. Let d = 1047 + -1494. What are the prime factors of 4 - (16/r)/((-2)/d)?
2, 151
Suppose 5*f - 23692 = -3*b, -4*b + f + 17719 = -13855. List the prime factors of b.
2, 3947
Let j(f) = 27*f - 8 - 20*f - 1 + 21*f**2. List the prime factors of j(3).
3, 67
What are the prime factors of 14 - 2/((-28)/238966)?
11, 1553
Suppose 3*y - 5*f = 46, 0*y = -y - 4*f + 4. Let z be (-1 - (-1420)/y) + 1/(-3). Suppose 8*h = z + 587. What are the prime factors of h?
2, 11
Suppose -55*k + 50*k + 15975 = 0. List the prime factors of k.
3, 5, 71
Let t(g) = -g**3 + 8*g**2 - 14*g - 2. Let s be t(5). Let j(b) = -4 + 0 + s*b + 1 + 29*b. What are the prime factors of j(1)?
29
Let c(w) = 4*w**2 - 19*w - 1. Let y = 39 - 34. Suppose 3*h = -2*t + 1, 3*t + 3*h + 19 = y*t. List the prime factors of c(t).
2
What are the prime factors of (-6 - -13)/(2/1498)?
7, 107
Let u(b) = 3*b**3 + 6*b**2 - 3*b + 4. Let p be u(5). Let j = p - -65. What are the prime factors of j?
3, 193
Suppose 12*h = -7*h - 76. Let v(w) = 27*w**2 - 24*w - 107. What are the prime factors of v(h)?
421
Let g = 119561 + -85305. What are the prime factors of g?
2, 2141
Let g(i) = 21*i + 2. Let f be g(3). Let n = f - 33. Suppose -t + 181 = n. What are the prime factors of t?
149
Suppose 5*c - 13418 = -4*n, -86*c + 88*c - 5377 = -3*n. What are the prime factors of c?
2, 13, 103
Let x(i) = 7406*i - 190. Let b be x(-19). List the prime factors of b/(-168) + 2/7.
839
Suppose 3*s + 42 - 51 = 0. Let x be s/(-15) + 16755/25. Let q = x + -474. What are the prime factors of q?
2, 7
Let v = 4832 + -3677. List the prime factors of v.
3, 5, 7, 11
Let z be ((-1)/((-9)/(-42)))/((-7)/21). Let s(y) = -y**3 + 16*y**2 - 2*y - 26. What are the prime factors of s(z)?
2, 13
Suppose -5 - 7 = -3*v. Suppose 0 = 3*o - 5*m - 1468, -25 = o - v*m - 526. What are the prime factors of o?
13, 37
What are the prime factors of (-60)/(-280) - (-315915)/42?
2, 3761
Let o(v) = 5*v**2 - 22*v - 46. List the prime factors of o(-12).
2, 7, 67
Suppose -2*v + 3*a = -2399, -13*a = -v - 8*a + 1217. Let x = 12 + -6. Suppose -x*z + v = -506. List the prime factors of z.
283
Let j(g) = 34*g + 258. Suppose 14*p - 4*b - 82 = 12*p, -44 = -p + 3*b. List the prime factors of j(p).
2, 181
Let s = -328 - -310. List the prime factors of (-4)/s + 0 + 18035/45.
401
Suppose 949*f - 1603726 + 282496 = 919*f. What are the prime factors of f?
44041
Let g(i) = -400*i - 3280. List the prime factors of g(-20).
2, 5, 59
Suppose -2*x + 4*i + 176 = 0, 2*i - 185 + 507 = 4*x. Suppose -3*n = -6*n - 3*a + x, -3*n = -a - 82. Suppose n = t - 102. What are the prime factors of t?
3, 43
Let o(l) = 53*l**3 + 4*l**2 + 2*l - 2. Let h be o(-2). Let j = -126 - h. What are the prime factors of j?
2, 3
Suppose 2*y = 18111 + 14574 - 8489. What are the prime factors of y?
2, 23, 263
Suppose -3 = -2*i + 3. Let v(j) = j**2 - 5*j - 65. Let t be v(11). Suppose i*c = -g + 22, -t + 2 = c. What are the prime factors of g?
19
Let j(v) = -34*v**2 - 8*v + 16. Let q be j(5). Let o = -618 - q. What are the prime factors of o?
2
Let w = 11103 + -5770. List the prime factors of w.
5333
Suppose 0 = 2*a + 2*r - 14, 4*a = -3*r - 2*r + 30. Suppose 4*w = 4*p + 6588, p - a*w + 3300 = -p. List the prime factors of (6/15)/((-7)/p).
2, 47
Let p(b) = 8*b**3 - 9*b**2 - 26*b + 124. List the prime factors of p(10).
2, 1741
Let y(k) = k**3 - k. Let p(w) = 38*w**3 + w**2 + 2. Let g(f) = p(f) + 4*y(f). What are the prime factors of g(2)?
2, 167
Let l(k) = -3*k**3 - 57*k**2 + 26*k - 254. What are the prime factors of l(-29)?
2, 3, 11, 367
Suppose 0 = -2*y - i + 532, 5*y = 2*i + 1050 + 271. Let j = y + -157. List the prime factors of (j/10)/(20/50).
3
What are the prime factors of (-3)/(-90)*6 - (-208103)/35?
2, 3, 991
Suppose -8 = -20*s + 16*s. Suppose 1112 = s*z + 3*j - 5*j, -3*z + 5*j = -1660. What are the prime factors of z?
2, 5, 7
Suppose 117 = -3*x + 3*t, -7*x + t = -2*x + 175. Let r be (-4 - x)/(1*-1). Let v = 87 - r. List the prime factors of v.
3, 13
Suppose 3*b = p + 10, -3*p = -3*b - 7*p + 5. Suppose -1016 = -3*v + t, 8*v - 3*v = b*t + 1692. Suppose 5*u - v - 176 = 0. What are the prime factors of u?
103
Let j(m) = -m + 2. Let v be j(6). Suppose 3*y + 3*r - 86 = 2*y, -2*y + 2*r + 164 = 0. List the prime factors of (2 + 3 + v)*y.
83
Suppose 49*a = 670613 + 1347452. What are the prime factors of a?
5, 8237
Let z be (5/(-2))/(((-10)/2)/10). Suppose -2*w = 4*j - 24, -j = -6*j - z*w + 40. Suppose 54 = j*y - 3*d + d, 0 = 3*y - 3*d - 39. List the prime factors of y.
2, 7
Let o = -2547 + -40. Let w = -1154 - o. List the prime factors of w.
1433
What are the prime factors of 280/20 - (-6308 + 2)?
2, 5, 79
Let o = 97 - 100. Let n be o/((-1278)/(-428) + -3). Suppose x - n + 7 = 4*r, x = -4*r + 231. What are the prime factors of x?
3, 73
Suppose 4*u = -4*n + 36, 3*n + 0*u - 17 = 2*u. Suppose -j = 3, b = 3*j - n*j + 28. Let h = 127 + b. List the prime factors of h.
167
Let b(h) = -12*h**3 - 28*h**2 - h + 23. What are the prime factors of b(-11)?
2, 3, 701
What are the prime factors of (-2 + 1)/((-32)/(-2370240)*-5)?
2, 3, 823
Let t = -6273 - -8291. List the prime factors of t.
2, 1009
Suppose 4*a - 4590 = -3*q, 2*q = 2*a + 1337 + 1723. Suppose l + q = 5*s - 0*l, -2*s - 3*